-10
What is -6 - (-1 + 1 + -1 - (112 + -111))?
-4
Calculate 32 + 13 + -36 + -1 + -3.
5
What is the value of -56 - (-34 + 3) - -28?
3
What is the value of (5 - 1) + (28 - 31) + 1?
2
-1 + 6 + (-7 - -2) + (32 - 26)
6
What is the value of 13 + -1 + -152 + 151?
11
Evaluate 4 + -35 - (-34 - -18).
-15
24 - ((23 - 40) + 18)
23
Calculate (-2 - 4 - -3) + (-14 - -2) + 11.
-4
What is (-1 - (-64 - -37)) + -20?
6
Calculate 2 - ((3 - 2 - 9) + (-14 - -17)).
7
What is the value of -5 - (-20 + (-10 - -33))?
-8
Evaluate 12 - 19 - (1 + -16 + 6).
2
19 - (-2 + -6 + (-9 + 23 - 7))
20
Evaluate 22 + -17 + 2 + 4.
11
What is 0 + (-8 + 15 - 24) + 8?
-9
What is -1 + 12 + -2 - (-6 - -3)?
12
Calculate (-31 - -37) + 0 - 15.
-9
What is 21 + (-10 - (-12 + 11))?
12
What is -85 + 85 - (1 + -13)?
12
Evaluate 0 + 4 - (9 - -7 - 23).
11
Calculate 0 - 0 - (-44 + 12 - -21).
11
Evaluate (-36 - (-18 - 4)) + 27.
13
Evaluate -17 - (-1 - 8) - (-18 + 7).
3
Evaluate (16 - (-4 + (3 - 4))) + -4 - 6.
11
What is the value of 1 + (-1 - (-2 + (-9 - -2))) + -4?
5
Evaluate -1 + 8 + (4 - -6 - 24).
-7
-5 + 11 - (-5 - (-1 + 3))
13
54 - (24 + 13) - 32
-15
What is the value of 3 - -8 - (-7 + 21 + -16)?
13
28 + 15 + (-7 + 5 - 7)
34
Evaluate 2 - ((-12 - -7) + 29 + -6 + 7).
-23
Calculate 11 - (-10 + (4 - -6) - -11).
0
Calculate 30 - (26 - -3) - (1 - (-17 - 3)).
-20
What is the value of 2 + (-6 - -1 - -16) + -3?
10
Evaluate 6 - (37 + -2 + -21).
-8
3 + 3 + (12 - 22)
-4
-35 + 33 - (51 + -29)
-24
(-10 + 8 - -12) + (1 - 7)
4
Calculate 2 + 5 + 14 + -7 + -6.
8
What is the value of (55 - (8 - -53)) + -1 + -3?
-10
What is the value of 49 - 67 - (2 - 4)?
-16
Evaluate (5 - 62) + 29 - -48.
20
Evaluate 12 + -4 + 12 + -10 - 8.
2
-1 - -11 - (83 - 60)
-13
Evaluate 27 - (-12 - 25) - 36.
28
25 + (6 - ((2 - 4) + 12)) - 3
18
Evaluate (11 - 3) + 1 + -2 + -14.
-7
What is -4 + (4 - (-9 - 7) - 5)?
11
What is the value of -12 - (15 + -42 + 5)?
10
What is the value of 57 - 71 - (21 + (-8 - -7))?
-34
Evaluate -10 - (-27 + -7) - 21.
3
130 + -119 - (46 + 1) - -11
-25
Calculate -8 + (35 - 30 - 23).
-26
What is (-7 - (-7 - (-10 + 5) - 4)) + -6?
-7
What is the value of 20 - 0 - (447 - 418)?
-9
What is -29 + 34 + -20 + 46?
31
Evaluate 24 + (-19 - (9 + -26)).
22
Calculate (-122 - -99) + -5 + -3 + 4 + 5.
-22
Calculate 0 + -1 - (-6 + -21 - -21) - -19.
24
Evaluate (16 - 40) + -24 + 68.
20
What is (1 - -10) + -231 + 222?
2
Evaluate 9 - 17 - (-44 - -31).
5
(-5 - (-1 + -2)) + (-80 - -74)
-8
Calculate (-3 + -11 - -3) + 16.
5
14 - (-1 + -15 + 37)
-7
22 - (-1 + (-102 - -100) + 5 + 0)
20
4 + (13 - (22 + (-25 - -13)))
7
Calculate -4 + 8 + -7 + 1.
-2
Evaluate 5 + 15 - 35 - -19.
4
What is the value of (-2 + 0 - (-140 + 132)) + 4?
10
4 + -2 - (284 + -268)
-14
(6 - (-22 + (-10 - -13))) + -3
22
What is 11 - (-24 - (-11 + -1)) - (8 - 1)?
16
Evaluate 6 - 0 - (-16 - 5 - (6 - -5)).
38
Evaluate (0 - 24) + (50 - 46) + -7.
-27
What is (-8 - (-28 + -1 + 6)) + -3?
12
What is -16 - (-7 + (12 - 12))?
-9
4 + 3 - ((-1 - 4 - 8) + 3)
17
Calculate -42 + (16 - (8 - 8)).
-26
What is 32 + -47 - (-5 - 4)?
-6
2 - (1 + (-15 - -11) + -6 + 1)
10
Calculate (-4 + (-1 - -7) - 2 - 16) + -2.
-18
Evaluate (-193 - -186) + 22 + 5.
20
Calculate (-3 - (-15 + (-12 - -12))) + -3.
9
Calculate (249 - 240) + (-1 - 3).
5
Evaluate 0 - 1 - (-36 + 23 + 16).
-4
What is (4 + 6 + -8 - 11) + 33?
24
Evaluate -1 - 0 - (4 + 17 - 17) - 8.
-13
Evaluate 23 + -25 + (-8 - -5) + 16.
11
-3 + 4 - -9 - (-30 - (-7 + -15))
18
Calculate 6 + 44 + -55 + (3 - -1).
-1
What is the value of (-2 + -1 - (10 + 1)) + 16?
2
What is the value of 13 + -13 - 6 - (-31 - -5)?
20
What is 9 + (-8 - -24) + (7 - 13)?
19
What is the value of (1 - 2) + (7 - 0) - (-1 - 4)?
11
What is the value of (17 - (19 + -30) - 4) + 8?
32
What is the value of (-9 - (15 + -32 + -7)) + -5 + -2?
8
Evaluate -3 - (0 - -1) - (10 - 5).
-9
Evaluate -4 + (3 + -34 - -33).
-2
Calculate -3 - -7 - -14 - 13.
5
Evaluate -3 + (8 - 6 - (-3 + 12 + 4)).
-14
What is -15 + 2 + 52 + -42 + (2 - 7)?
-8
What is -9 + (12 - 31 - -49)?
21
Evaluate -6 + 14 + 3 + 1 + -3.
9
Evaluate (-21 - -15 - -23) + -2 + 17.
32
Evaluate (4 - (7 + -3)) + -3 + (16 - 1).
12
What is (-10 + -4 - -14) + (1 - (2 - 1))?
0
Calculate 1 + 24 + 1 + (-21 - -12).
17
Evaluate 12 + -14 + (12 - (-17 + -1)).
28
What is 2 + (5 + -5 - 5) + 10?
7
What is 5 + (9 + 1 - 28)?
-13
Evaluate -11 - (13 + -3 - 13).
-8
What is the value of -1 - 13 - (251 - 266)?
1
(-2 - -14 - 14) + -14
-16
3 - (11 + 5 + 0) - -3
-10
-2 + 0 + (14 - 5) + -5
2
Calculate 2 + -5 + 15 + (-5 - (-16 + 10)).
13
What is (38 - 1) + 0 - (-489 + 500)?
26
What is the value of -21 - -27 - -2 - 22?
-14
What is (7 - (-5 + -8)) + -16 + 3?
7
-41 - -87 - (30 - 2)
18
What is -2 - (-1 + -5) - (-6 - -6)?
4
What is the value of -2 + -1 - (-10 + (-26 - -4) + 18)?
11
Calculate -321 - -312 - (12 + 0 - 2).
-19
Calculate 13 - (17 + -5) - 2.
-1
Calculate -3 + 2 + 73 + -83.
-11
What is -24 - ((20 - 32) + -17)?
5
What is the value of 2 + -10 + 7 + -29 + 6 + -4?
-28
(4 - 3 - -18 - 9) + -38 + 10
-18
Evaluate (32 - 12) + (-11 - -2) + -3.
8
What is (0 - ((7 - 7) + -3 + -4)) + -29?
-22
What is the value of -5 - -2 - ((-14 - -9 - 28) + 8)?
22
Calculate (-21 - (-5 - 26)) + 7 + 14.
31
Evaluate (25 + -11 + -3 - -4) + 4.
19
Evaluate -24 - (-9 + 4 + (-15 - -8 - -3)).
-15
What is (-82 + 83 - ((0 - 0) + 3)) + 3?
1
What is 8 + (-10 - (3 + 4 + -14)) + 1?
6
What is the value of -15 + 0 + (4 - 6) - -8?
-9
Evaluate 25 + -1 + 14 + -17.
21
What is 45 - 49 - (-4 + 6 + 13 + -1)?
-18
(8 + -1 - (10 - (-5 - -12))) + -1
3
Evaluate (5 - 20) + 3 + (-17 - -6) + 1.
-22
Evaluate -10 + -5 + 14 + 6 + -5 + -8.
-8
Evaluate 2 - ((1 - 17 - -7) + 0).
11
Evaluate -6 - ((0 - (2 + -6)) + (-19 - 2)).
11
Evaluate 10 + (-15 - 22) + -3 + 16.
-14
Evaluate 19 + (-17 - (12 - 0)).
-10
Calculate 14 + -20 - (5 + 0).
-11
What is the value of -3 + (-3 - -2) + (-1 + -4 - -1)?
-8
What is the value of 2 - ((-9 - -3) + (19 - (-8 + 0)))?
-19
Evaluate (-5 - -5) + -1 + 21.
20
Evaluate -22 - 31 - -18 - -4.
-31
Evaluate -15 + 14 - (-5 + -7) - (-1 - 2).
14
(14 - 28 - -7) + -2 + 7
-2
Calculate (-1 - -5) + 18 + (43 - 42).
23
What is the value of -164 + 151 + (2 - -33)?
22
Calculate -5 + (-2 - -2 - -3 - 1 - 5).
-8
What is (0 - (0 - -1) - -15) + -24?
-10
Calculate -2 + 4 + -2 + 7 - 2 - -5.
10
Evaluate 1 - 2 - (-31 + 28 - 16).
18
What is 3 + -20 + (14 + -23 - -8)?
-18
What is 20 + (-8 - -4) + -9 - -1?
8
3 + 6 + (1 - (-5 - -21)) - 1
-7
Evaluate 37 + -45 + (46 - 29).
9
What is (-15 - (8 + -25 + (-1 - -10))) + -10?
-17
0 + (-31 - -6) - (57 - 56)
-26
What is the value of 2 + 4 + 2 - (-1 - -12)?
-3
Evaluate -13 + (1 - -1) - (-25 - (-6 - -6)).
14
Calculate 15 + (-11 - (3 - 10)) - (-3 + 6).
8
Calculate 1 + -1 + (-5 - 13) + 4 + 18.
4
What is -9 - -28 - (-5 + 3 + 3)?
18
What is -14 + 25 + 0 - 4?
7
Evaluate 5 - (-8 - (8 + -13 + 13)).
21
What is the value of -13 - (7 + 7 + -21) - -3 - 1?
-4
What is the value of (37 + 2 - 17) + -18 - (1 + 13)?
-10
Evaluate 20 + (-18 + -29 - -65).
38
What is the value of (0 - (-4 + -2)) + (9 - (13 - -3))?
-1
What is the value of (-1506 - -1493) + -19 + 1?
-31
What is the value of 33 - (14 + 9 - 10)?
20
Evaluate 0 + 13 + 1 + (0 - 14).
0
What is 121 - 131 - (0 + -6)?
-4
Calculate -32 + (37 - (56 - 41)).
-10
Calculate -1 + -40 - (-477 - -455).
-19
What is the value of 12 + (-16 - -14) + -18?
-8
Calculate -5 - (-4 - 5) - -3.
7
Evaluate (8 - 0) + (139 - 153).
-6
(-26 - -52) + -38 + -4
-16
What is the value of 2 - (3 - -5) - ((3 - 7) + 6)?
-8
What is the value of 56 + -44 - (13 + -2)?
1
Calculate -8 + 41 + -22 - 7.
4
Calculate 53 + -56 - (14 + -2).
-15
Evaluate 1 + 26 + -17 + 6.
16
4 - ((5 - -1) + -6) - (-24 + 13)
15
Calculate 10 + -2 + 4 + -1 - (-749 - -744).
16
What is the value of (-7 - (3 - 5)) + (4 - 1)?
-2
Evaluate 11 - (-5 + 9 + -5 + 10).
2
(-3 - -22) + -38 - -10
-9
What is 3 - (3 - -4) - (3 + -1) - 8?
-14
Evaluate 12 + -1 + 35 + -34.
12
-2 + (-1 - 4) - (2 - (-3 - -7))
-5
What is the value of -13 + 7 + 12 - 13?
-7
What is -16 - (15 - 12) - 15 - (-5 - 5)?
-24
What is (-15 + 12 - 8) + 19?
8
Evaluate -2 + ((4 - -11) + -13 - (15 - 2)).
-13
What is the value of (10 - (7 - (-2 + 7))) + (11 - 32)?
-13
Evaluate 8 + -21 - ((-3 - -2) + -6) - -4.
-2
-12 - (13 + -2 + -11)
-12
What is 15 + 0 + 2 + (-19 + 40 - 32)?
6
Evaluate -31